{"id":5527,"date":"2025-08-29T17:57:36","date_gmt":"2025-08-29T17:57:36","guid":{"rendered":"https:\/\/aicintl.com\/tienda-AIC\/?post_type=product&#038;p=5527"},"modified":"2025-09-04T19:31:45","modified_gmt":"2025-09-04T19:31:45","slug":"fibra-de-carbono-tubular-sleeve-1-de-1m-lineal","status":"publish","type":"product","link":"https:\/\/aicintl.com\/tienda-AIC\/producto\/fibra-de-carbono-tubular-sleeve-1-de-1m-lineal\/","title":{"rendered":"Fibra de Carbono Tubular (Sleeve) 1&#8243; de 1m lineal."},"content":{"rendered":"<p>Fibra de Carbono Tubular (Sleeve) 1&#8243; de 1m lineal.<\/p>\n<p>Es un tejido trenzado en forma de tubo que se expande o contrae para adaptarse a diferentes di\u00e1metros.<\/p>\n<p><strong>Aplicaciones comunes:<\/strong> refuerzo estructural de tubos, m\u00e1stiles, bastones, piezas cil\u00edndricas, y fabricaci\u00f3n de componentes personalizados.<\/p>\n<p><strong>Ventajas:<\/strong> f\u00e1cil aplicaci\u00f3n sobre formas cil\u00edndricas, gran resistencia a la torsi\u00f3n y acabado est\u00e9tico profesional.<\/p>\n","protected":false},"excerpt":{"rendered":"<p>Fibra de Carbono Tubular (Sleeve) 1&#8243; de 1m lineal.<\/p>\n","protected":false},"featured_media":5528,"comment_status":"open","ping_status":"closed","template":"","meta":{"_joinchat":[]},"product_brand":[],"product_cat":[354,355],"product_tag":[357,361],"class_list":{"0":"post-5527","1":"product","2":"type-product","3":"status-publish","4":"has-post-thumbnail","6":"product_cat-fibra-de-carbono","7":"product_cat-fibras-especiales","8":"product_tag-fibra-de-carbono","9":"product_tag-fibra-de-carbono-tubular-sleeve","10":"product_shipping_class-caja-2kg-abajo","12":"first","13":"instock","14":"taxable","15":"shipping-taxable","16":"purchasable","17":"product-type-simple"},"jetpack_sharing_enabled":true,"_links":{"self":[{"href":"https:\/\/aicintl.com\/tienda-AIC\/wp-json\/wp\/v2\/product\/5527","targetHints":{"allow":["GET"]}}],"collection":[{"href":"https:\/\/aicintl.com\/tienda-AIC\/wp-json\/wp\/v2\/product"}],"about":[{"href":"https:\/\/aicintl.com\/tienda-AIC\/wp-json\/wp\/v2\/types\/product"}],"replies":[{"embeddable":true,"href":"https:\/\/aicintl.com\/tienda-AIC\/wp-json\/wp\/v2\/comments?post=5527"}],"wp:featuredmedia":[{"embeddable":true,"href":"https:\/\/aicintl.com\/tienda-AIC\/wp-json\/wp\/v2\/media\/5528"}],"wp:attachment":[{"href":"https:\/\/aicintl.com\/tienda-AIC\/wp-json\/wp\/v2\/media?parent=5527"}],"wp:term":[{"taxonomy":"product_brand","embeddable":true,"href":"https:\/\/aicintl.com\/tienda-AIC\/wp-json\/wp\/v2\/product_brand?post=5527"},{"taxonomy":"product_cat","embeddable":true,"href":"https:\/\/aicintl.com\/tienda-AIC\/wp-json\/wp\/v2\/product_cat?post=5527"},{"taxonomy":"product_tag","embeddable":true,"href":"https:\/\/aicintl.com\/tienda-AIC\/wp-json\/wp\/v2\/product_tag?post=5527"}],"curies":[{"name":"wp","href":"https:\/\/api.w.org\/{rel}","templated":true}]}}